{"id":505,"date":"2021-04-17T12:12:56","date_gmt":"2021-04-17T12:12:56","guid":{"rendered":"http:\/\/ertekinler.com.tr\/?page_id=505"},"modified":"2021-04-17T12:13:34","modified_gmt":"2021-04-17T12:13:34","slug":"urunler","status":"publish","type":"page","link":"https:\/\/ertekinler.com.tr\/?page_id=505","title":{"rendered":"\u00dcr\u00fcnler"},"content":{"rendered":"\n<p><\/p>\n\n\n\n<figure class=\"wp-block-table\"><table><tbody><tr><td>Motorlu Testereler<br> Motorlu T\u0131rpanlar <br>\u00c7im Bi\u00e7me Makineleri <br>Zincirler <br>Budama Grubu<br>Ak\u00fcl\u00fc \u00dcr\u00fcnler <br>Kompres\u00f6rler <br>Jenerat\u00f6rler <br>\u00c7apalama Makineleri <br>\u00c7ay\u0131r Bi\u00e7me Makineleri<br>\u00dcfleme Toplama Makineleri <br>\u0130la\u00e7lama Makineleri <br>Kollu \u0130la\u00e7lama P\u00fclverizat\u00f6rleri <br>Y\u00fcksek Dal Budama Testereleri <br>\u00c7im Havaland\u0131rma Makineleri <br>\u00c7im Bi\u00e7me Trakt\u00f6rleri <br>Su Motorlar\u0131 ve Pompalar <br>Motorlar<br>\u00c7it Bi\u00e7me Makineleri <br>Dal \u00d6\u011f\u00fctme Makineleri <br>Toprak Burgu Makineleri <br>Motorlu Testere Yedek Par\u00e7alar\u0131 <br>Motorlu T\u0131rpan Yedek Par\u00e7alar\u0131 <br>\u0130la\u00e7lama Motoru Yedek Par\u00e7alar\u0131 &nbsp; &nbsp; &nbsp;<\/td><td>Elektrikli \u00c7it <br>G\u00fcne\u015f Enerjili Elektrikli \u00c7it <br>Sens\u00f6rl\u00fc Elektrikli \u00c7it <br>Sens\u00f6rl\u00fc G\u00fcne\u015f Enerjili Elektrikli \u00c7it<br>G\u00fcne\u015f Enerji Sistemleri <br>Elektrikli \u00c7it Teli <br>Elektrikli \u00c7it Kaz\u0131k \u0130zolat\u00f6r\u00fc<br>Elektrikli \u00c7it Beton Direk \u0130zolat\u00f6r\u00fc<br>Elektrikli \u00c7it Plastik Kaz\u0131k <br>Elektrikli \u00c7it Kap\u0131 yay\u0131<br>\u0130zolat\u00f6r Montaj Aparat\u0131<br>G\u00fcne\u015f Paneller <br>Solar Reg\u00fclat\u00f6rler <br>\u0130nverterler <br>Off Grid \u0130nverterler <br>On Grid \u0130nverterler <br>G\u00fcne\u015f takip sistemleri <br>Solar Ak\u00fcler <br>Ak\u00fcl\u00fc Paket Sistemler <br>Solar Ayd\u0131nlatmalar <br>G\u00fcne\u015f jenerat\u00f6rleri <br>Trafik Uyar\u0131 I\u015f\u0131klar\u0131, fla\u015f\u00f6rler <br>G\u00fcne\u015f enerjisi ile \u00e7al\u0131\u015fan su pompalar\u0131 <br>G\u00fcne\u015f enerjisi ile \u00e7al\u0131\u015fan sulama sistemleri <br>LED ayd\u0131nlatma \u00fcr\u00fcnleri <br>Montaj Ekipmanlar\u0131 <br>MC4 Konnekt\u00f6rler <br>MC4 Konnekt\u00f6r \u00c7oklay\u0131c\u0131lar\u0131 <br>Solar Kablolar <br>Ak\u00fc Kablolar\u0131 <br>Dijital Voltaj G\u00f6stergeleri \u00a0<\/td><\/tr><\/tbody><\/table><\/figure>\n","protected":false},"excerpt":{"rendered":"<p>Motorlu Testereler Motorlu T\u0131rpanlar \u00c7im Bi\u00e7me Makineleri Zincirler Budama GrubuAk\u00fcl\u00fc \u00dcr\u00fcnler Kompres\u00f6rler Jenerat\u00f6rler \u00c7apalama Makineleri \u00c7ay\u0131r Bi\u00e7me Makineleri\u00dcfleme Toplama Makineleri<\/p>\n","protected":false},"author":1,"featured_media":0,"parent":0,"menu_order":0,"comment_status":"closed","ping_status":"closed","template":"","meta":[],"_links":{"self":[{"href":"https:\/\/ertekinler.com.tr\/index.php?rest_route=\/wp\/v2\/pages\/505"}],"collection":[{"href":"https:\/\/ertekinler.com.tr\/index.php?rest_route=\/wp\/v2\/pages"}],"about":[{"href":"https:\/\/ertekinler.com.tr\/index.php?rest_route=\/wp\/v2\/types\/page"}],"author":[{"embeddable":true,"href":"https:\/\/ertekinler.com.tr\/index.php?rest_route=\/wp\/v2\/users\/1"}],"replies":[{"embeddable":true,"href":"https:\/\/ertekinler.com.tr\/index.php?rest_route=%2Fwp%2Fv2%2Fcomments&post=505"}],"version-history":[{"count":2,"href":"https:\/\/ertekinler.com.tr\/index.php?rest_route=\/wp\/v2\/pages\/505\/revisions"}],"predecessor-version":[{"id":507,"href":"https:\/\/ertekinler.com.tr\/index.php?rest_route=\/wp\/v2\/pages\/505\/revisions\/507"}],"wp:attachment":[{"href":"https:\/\/ertekinler.com.tr\/index.php?rest_route=%2Fwp%2Fv2%2Fmedia&parent=505"}],"curies":[{"name":"wp","href":"https:\/\/api.w.org\/{rel}","templated":true}]}}